(2 + (-4 - 10)))?
5
Evaluate -9 - ((-4 - -3) + -4).
-4
Calculate 1 + 0 + 8 + -6 + 1.
4
What is the value of (-3 + -2 - 2) + (-1 - -4)?
-4
Calculate 10 - (16 - -4) - (-5 - 1).
-4
What is -3 - (-12 + (8 - 4))?
5
Evaluate -1 + 5 + (-7 - 1).
-4
Evaluate (17 - 7 - 7) + -4.
-1
What is the value of -4 - (3 - -1 - 10)?
2
What is the value of 28 - (13 - 0) - 7?
8
Evaluate 7 - (21 - (1 - -7)).
-6
Calculate (-5 - -2) + (3 - -1).
1
Calculate (7 - -3) + (1 - (9 + -1)).
3
What is the value of (4 - 3) + (2 - 1) - -1?
3
Evaluate 3 - (-1 - (-2 - (-3 + 4))).
1
Calculate 0 + -2 - (2 - (8 + 1)).
5
Evaluate -16 + 4 + (-7 - -12).
-7
What is (2 - -3) + (-2 - (2 - 4))?
5
What is 14 - (2 - -3) - 11?
-2
What is 5 - (-4 - 1 - (9 - 19))?
0
-4 - (-17 + (0 - 2)) - 6
9
-2 + 3 + (-2 - 0) - -4
3
Calculate -4 - (-17 + 11 - (3 + -6)).
-1
Calculate (4 - 8) + 6 - (2 - 2).
2
(6 - (-1 + 7)) + -5
-5
What is the value of -5 + (2 + 0 - 1)?
-4
(-1 - ((3 - 8) + 5)) + -5
-6
Evaluate 36 + -34 + 1 + -1 + -3.
-1
Evaluate -1 - -1 - (1 - 0).
-1
Evaluate (-1 - -4) + (-7 - -11) + -3.
4
Calculate (-6 - -4) + 7 + -3.
2
Evaluate (8 - (-1 + 4)) + (4 - 6).
3
Evaluate (3 + (5 - 11) - 5) + 5.
-3
What is -4 + (-2 - (-5 + 5))?
-6
Calculate (0 - (-1 - -7)) + -223 + 228.
-1
Calculate -15 - (-4 - 8 - -6).
-9
What is -11 + (0 - (4 - (14 - 6)))?
-7
(-5 - -3) + -3 - (-9 - 0)
4
-3 + 6 + (0 - 1)
2
Evaluate (-2 - -2) + -3 + (3 - -1).
1
3 - (-3 - -8) - (-2 + -4)
4
0 + -4 + -2 - (0 - 1)
-5
Evaluate -4 + (5 - (3 + 5 + -1)).
-6
22 + -28 - (1 - 4) - 5
-8
What is the value of 4 + (1 + 4 + -3 - 4)?
2
Calculate -3 + (21 - 16 - (-1 + 1)).
2
Calculate 3 - (-1 - -1) - 3 - 2.
-2
What is (3 - (-8 + 3)) + -1 + -2?
5
What is -4 + -1 + (-1 - -2 - 2)?
-6
What is (3 - (-6 - -5)) + 1?
5
What is the value of -3 + -1 - (14 - (5 + 5))?
-8
9 + -10 + 4 + 2
5
What is the value of 1 - (3 - (-7 - -6))?
-3
What is 5 + -1 + -5 + 3 - 6?
-4
What is the value of 12 + -3 + 9 + -23?
-5
What is 2 + (0 - 3) + 6 + -1?
4
What is 0 + -5 - (-10 + 10)?
-5
What is 1 - -5 - (4 - -1 - 1)?
2
11 + 8 + -19 + 5
5
Calculate (-4 - 4) + 4 - -3.
-1
Calculate 2 - (4 + 0 - (-3 + -1)).
-6
Calculate (6 - 0) + -16 + 13 - 9.
-6
-2 + (0 - 1) + -2 + 0
-5
Evaluate (3 - 3) + -2 + 5 - 9.
-6
What is the value of (2 - (-3 + 7 + -6)) + 5?
9
7 + -12 - -1 - -3
-1
What is the value of 20 + -12 - (1 - -2)?
5
What is the value of 8 - ((8 - 3) + 7)?
-4
What is the value of 1 + (0 - ((2 - 0) + -7))?
6
Evaluate (-3 - -6 - (1 + 0)) + -2.
0
10 + 3 + -8 + -6
-1
What is (-10 - 0) + (14 - 11) + 2?
-5
What is the value of -4 + 2 + -4 - (-3 + 2)?
-5
-5 + 3 + 2 + (3 - 2)
1
Evaluate -5 + (9 + -3 - 5).
-4
Evaluate (2 - (1 + 2)) + -2.
-3
What is -1 + 6 - (55 + -50)?
0
Evaluate 4 + (-1 + 0 - 4).
-1
What is (12 - 2) + -17 - -1?
-6
Calculate -7 - (-7 + 4 + -1).
-3
12 + -16 + 0 + 2
-2
-31 - -33 - (-2 + 3) - -8
9
0 + (12 - 6) + -2 + -2
2
Evaluate -3 + (1 - (4 + -2)).
-4
What is the value of -8 + 5 + (6 - (0 - -4))?
-1
What is the value of (2 - -2 - 5) + 4?
3
What is the value of 4 + (7 - 10) - -2?
3
(-3 - 1) + (6 - 0)
2
What is (-22 - -29) + -6 + 1?
2
Calculate (0 - 0 - (-1 + -5)) + -3.
3
3 + -1 + 3 + -9 - -6
2
What is -3 - ((1 - -1) + (-17 - -18))?
-6
Evaluate -4 - -6 - (10 - (5 - 1)).
-4
Calculate 6 - (0 + 7 - (-7 + 13)).
5
Calculate 11 + -14 - 3 - 0.
-6
What is the value of 3 + -7 + 5 + 8 + -8?
1
Evaluate 3 - (8 - (0 - (5 + -20))).
10
What is 5 + 5 + -6 + -1?
3
Evaluate 2 - ((4 - (-1 + 6)) + -1).
4
Evaluate (-93 - -99) + 2 + -5.
3
What is the value of 0 + (0 - (0 - -3)) + 1?
-2
Evaluate 3 + 4 + -15 + 5 + 4.
1
What is the value of 4 + -7 + (-2 - 1)?
-6
Calculate 8 + -6 + -1 + 2 + -3.
0
Evaluate 1 + (3 - -1) + -3 + 1.
3
Evaluate 3 + 6 + -6 + -8 - -2.
-3
What is 1 - (-4 - -4 - -5 - 7)?
3
Calculate -22 - -19 - (-1 - (-1 + 1)).
-2
Evaluate 0 + -5 + -9 + -3 + 10.
-7
What is the value of (0 - -2) + 1 + -2 + -3?
-2
What is the value of (-8 - -3) + 6 + -4 + 6?
3
What is -14 - -17 - ((8 - 2) + -2)?
-1
What is the value of 0 - -3 - ((6 - 4) + 2)?
-1
Calculate 2 + -14 + (2 - -5).
-5
-11 + -9 - -10 - -5
-5
What is the value of 2 + (13 - 11 - (0 - -1))?
3
Evaluate -8 - (14 + -5 + -16).
-1
(-7 - -7) + 2 + 0 + -6
-4
-7 + -7 + 2 + 12
0
2 + (1 - 2) + 0
1
Evaluate 5 - 11 - (-7 + 3).
-2
3 + (-2 - (6 - (1 + 1)))
-3
What is the value of -5 - (-7 - (4 - 11 - -4))?
-1
-2 - -2 - (34 - 31)
-3
Evaluate -6 - (-1 + -2 + 3 - 3).
-3
Calculate 4 + -5 - (-2 - -6).
-5
Evaluate 6 + -2 + (-4 - -3).
3
Evaluate 11 + -6 - (11 + -3).
-3
What is 3 + -1 + (-5 - -4) + 1?
2
What is 14 + -27 + 10 - -5?
2
Calculate -19 - (-10 - 0) - -5.
-4
What is -7 - -9 - 1 - 2?
-1
3 - 1 - (2 + -4 - 1)
5
What is the value of 5 - (34 + -40 + -1 + 6)?
6
-5 - -3 - -1 - 1
-2
What is the value of 0 + 4 + -8 + -1?
-5
What is 2 - -2 - (7 - (-4 - -3))?
-4
Evaluate -7 - (-4 + 11 - 10 - -3).
-7
What is the value of -8 - -5 - (3 + -5)?
-1
(-3 - (3 - 3 - -1)) + 2
-2
Evaluate 0 + 0 + (-1 + 1 - 2).
-2
Evaluate (-5 - -2) + 4 + (-2 - -1).
0
What is (-2 - -2) + 2 + -8 + 1?
-5
What is the value of 4 + (4 - (0 + 3)) + -3?
2
What is (10 - 2 - 0) + -4 + 1?
5
Calculate -10 + (1 - 1) + (-9 - -13).
-6
What is the value of (-6 + -2 - (6 - 6)) + 5?
-3
Evaluate 6 + -1 + (-4 - 1) - -5.
5
Calculate -6 - (-6 - -5 - 3).
-2
What is the value of 5 + (-2 + 3 + -2 - -1)?
5
What is the value of -2 - (-3 + 11 - 5)?
-5
Calculate -5 + (-1 + 1 + 14 - 2).
7
Calculate -6 - (-3 + (5 - (-2 + 5))).
-5
Calculate 0 - (1 - -3) - (-11 + 6).
1
Evaluate 2 - (3 + (-4 - 9) - -3).
9
What is the value of -1 + -9 - (23 - 28)?
-5
Calculate -14 + (-8 - (-21 + (3 - -4))).
-8
Calculate -1 + 1 - (3 + -10) - 5.
2
What is (-2 - (4 + -2 + -8)) + -5?
-1
Evaluate 11 + -11 - ((-1 - -2) + 3).
-4
What is (-4 - -14) + (15 - 23)?
2
Calculate (-5 - 0 - (0 + -3)) + 6.
4
What is -9 - (0 - 1 - 7)?
-1
Calculate 1 - 4 - (197 - 203).
3
Evaluate -1 - (2 + -6 - -5).
-2
What is -4 + (-3 - 2) - (0 + -4)?
-5
What is (-3 - -2 - 1) + -2?
-4
Calculate 1 - 3 - (-1 - -2).
-3
-9 - (-5 + (0 - -1))
-5
What is 5 - 4 - (-5 + 6)?
0
What is (-6 - -8) + 4 + -2?
4
Evaluate -5 + 6 + (-2 + 2 - -1).
2
Evaluate -4 + 1 + (-7 - -9).
-1
What is the value of -2 - (0 + 1) - (-12 - -4)?
5
Calculate 17 + -21 + (3 - -8).
7
What is 0 - (-2 + -3 + 9)?
-4
Calculate 1 + (0 - 1) + 1 - 3.
-2
0 + -5 - (-3 + 0)
-2
What is the value of 3 + -1 + -8 + 5?
-1
(-1 - 1) + 12 + -9 + 0
1
What is -1 - (0 - 6) - 4?
1
3 + -2 + 4 + -3 + 1
3
-6 - (3 - 6 - 8)
5
-5 + (11 - 4) + -5 + 6
3
Calculate -4 + ((-8 - -4) + 5 - 3).
-6
What is -29 + 31 - (2 + 6 - 2)?
-4
What is the value of (6 - -2) + 1 + -5?
4
What is the value of -1 + -3 + (0 - (-1 - -2))?
-5
What is the value of (-2 - -6) + (-3 - (-1 + 3))?
-1
What is the value of (-4 - 2) + -5 + -7 + 18?
0
3 + -1 - (-3 - -3)
2
Calculate (0 - -6) + (-21 - -19).
4
What is 2 + -1 + -3 - (-19 - -23)?
-6
Evaluate 6 + -1 + -35 + 38.
8
What is -4 + (-3 + 10 - 4 - 3)?
-4
What is 5 - (3 - (-12 - (-10 - -4)))?
-4
Calculate -5 - (-6 + (0 - -4)).
-3
Evaluate 3 + 5 + -4 + 0 + -7.
-3
-2 + 3 + 9 + -6
4
-3 - (-7 - -8) - 0
-4
What is the value of (-4 - -3) + -1 - (0 + -4)?
2
Evaluate (-25 - -21) + (0 - -11).
7
Evaluate (-2 - 4) + -5 + 12.
1
What is -20 - -21 - (-3 + 1)?
3
12 + -6 - (-10 - -20)
-4
-2 + (-2 - (2 + -1))
-5
What is -9 - (-9 + -2 + 1)?
1
What is (0 - -2 - (13 + -8)) + 1?
-2
What is the value of -2 - (-2 + -2 - 0)?
2
Calculate -15 + 8 - -8 - (1 + -1).
1
6 + (7 + -5 + -6 - -2)
4
Calculate (7 - (1 + 1)) + -1 - 6.
-2
Evaluate -4 + (-4 - -6) + -4.
-6
Evaluate -1 + -2 - (114 + -125).
8
Calculate -5 + -2 + 5 - 1.
-3
Calculate (-5 - -2 - -3) + (69 - 64).
5
Calculate -2 - (-2 + 3 + -1) - 1.
-3
What is 3 - (-8 - -7) - (7 + 6)?
-9
Evaluate (-4 - 0) + 1 + (40 - 36).
1
What is 5 - (-7 + 10 + 3)?
-1
What is -3 + -6 + 16 + -7 + -8?
-8
Evaluate 34 + -31 - (-2 - 1 - 1).
7
Calculate 3 + (-1 - 3 - 2).
-3
Calculate 2 - (-2 - -2 - (-8 - -5)).
-1
Evaluate 2 - (-2 - -3) - (-13 + 18).
-4
Calculate 1 + ((-2 - -2) + -1 - -4).
4
Calculate 8 - (-6 + 8 + 5).
1
What is the value of 0 + -2 + 3 + 10 + -7?
4
Calculate -10 - (-4 - 5) - (3 + -8).
4
What is -2 + 10 - (20 + -6)?
-6
(16 - 12) + -1 + -1 + -2
0
Calculate 2 - (-2 + (-3 - -2) + 6).
-1
(-15 - -10 - -9) + 12 + -6
10
What is the value of 10 + (-2 - -1) + -5?
4
What is the value of 0 + 1 - (5 + -3 - -3)?
-4
Evaluate -3 - (